?
1
Suppose 0*z + 5 = -z - 4*p, -4*p = 8. Suppose -4*x = -z*x + 19. Let m = x - -22. What is the units digit of m?
3
Suppose 4*c - 224 - 456 = 0. Let a = -16 + c. What is the hundreds digit of a?
1
Let w be ((-21)/(-42))/(465/(-466) + 1). Let r = w + -70. What is the units digit of r?
3
Let l(o) = 5*o**3 - 13*o**2 + 10*o + 41. What is the hundreds digit of l(8)?
8
Let w(l) = 8*l - 12. Suppose 4*t = -t + 130. Suppose 0 = 4*j - t + 10. What is the units digit of w(j)?
0
Suppose i + 2*i - 45 = -2*p, -p = 0. Suppose i = 2*s + s. Suppose -4*t = -5*b - 19, -5*t + t - s*b + 29 = 0. What is the units digit of t?
6
What is the tens digit of (-2936)/(-4)*-1*(-6 + 5)?
3
Let b be ((-486)/(-5))/3*-5. Let d = -97 - b. Suppose -2*a + d = -c, 0*c + 3*c = 3*a - 96. What is the units digit of a?
3
Suppose 4*f + 1459 = 4959. What is the hundreds digit of f?
8
Suppose 3*g = -2*m + 4521, 0 = -g - 12*m + 14*m + 1515. What is the units digit of g?
9
Suppose -1019*o + 1032*o - 17147 = 0. What is the tens digit of o?
1
Suppose 22*c - 59562 = -5*c. What is the units digit of c?
6
Suppose -4*f + 3 + 1 = 0. Suppose f = z - 4. Suppose -l + 4*l = 5*r + 62, z*r + 43 = 2*l. What is the tens digit of l?
1
Suppose 4*a + 2*h = -26, 11 = -2*a + 3*a - 3*h. Let r(v) = -4*v - 33*v**3 + 5 - 1 + 31*v**3 - 7*v**2. What is the units digit of r(a)?
6
What is the tens digit of (-4)/(-8)*4 - (-345)/1?
4
Suppose -3*g - 2 = 2*l, 5*l = 5*g - 0 - 5. Suppose -4*z + 17 = 4*q - 19, g = 5*z + 3*q - 45. What is the units digit of z?
9
Let l = 459 + -166. What is the hundreds digit of l?
2
Let c(n) = 3*n**2 - 16*n - 39. What is the hundreds digit of c(-11)?
5
Suppose 3*o - 8145 = -3*h, -4*o + h = -2*o - 5445. What is the tens digit of o?
2
Let o(f) = f**3 + f**2 + f - 1. Let i(p) = 4*p**3 + 3*p**2 + 12*p - 8. Let h(k) = -i(k) + 5*o(k). What is the tens digit of h(4)?
7
Let o(y) = 34*y - 14. Let w be 5/10 + (-14)/(-4). What is the units digit of o(w)?
2
Let n(q) = 7*q**2 - 7*q + 5*q**3 + 8*q - 3 + 14 - 4*q**3. What is the units digit of n(-7)?
4
Suppose q + 2*q = -6, 0 = 3*a + 3*q - 147. Suppose 3*z - 141 = -a. What is the units digit of z?
0
Let c be 192/33 + (-2)/(-11). Let z be c/(-3)*1 + -4. Let p = -2 - z. What is the units digit of p?
4
Let a = 50 + -78. Let z be 3*(2 + a/3). What is the tens digit of (z/(-2))/((-2)/(-4))?
2
What is the hundreds digit of -7 - ((-10)/5 - 125)?
1
Let r be 0/(2 - 3/3). Suppose r = -5*p + 147 + 53. What is the tens digit of p?
4
Suppose -9 = -5*v + 11. Suppose 363 = v*f - 133. What is the hundreds digit of f?
1
Let s(q) be the first derivative of 53*q**4/2 - 6. What is the hundreds digit of s(1)?
1
Let g = 181 + -79. Let b = g - 73. What is the tens digit of b?
2
Let o(m) = m**2 + 6*m + 1156. What is the units digit of o(0)?
6
Let b(s) = s**2 + 2*s - 13. Let w be b(6). Let v = w + -13. What is the units digit of v?
2
Let k = -27 - -22. What is the units digit of (-1371)/(-15) + 2/k?
1
Suppose d = -j - 2 - 21, 5*j = 4*d + 128. Let v be (-6)/d - 129/(-27). Suppose 83 = v*n + y + 6, 4*n = -4*y + 68. What is the tens digit of n?
1
Let c(n) = -n + 8*n - n. Let i be 3/2*20/10. What is the tens digit of c(i)?
1
Let p = 30 - 30. Suppose p = -3*d + 120 + 48. What is the units digit of d?
6
Let p(b) = -9*b**2 - 7*b + 2. Let j be (5/2)/(3/(-6)). Let c be p(j). What is the units digit of (-1 - 1)/(8/c)?
7
Let h(q) = -16*q - 2. Let w be h(1). Let x be 0 + w/3*-6. What is the units digit of ((-207)/x)/((-1)/4)?
3
Let d(t) = -t**3 + t**2 + 1. Let x be d(-2). Suppose 1440 = x*v - 4*v. What is the hundreds digit of v?
1
Let u = -157 - -186. Suppose 0 = -z, 3*i - 1 = 4*z + 11. Suppose -i*d + 157 = u. What is the tens digit of d?
3
Let k(j) = -51*j + 11. What is the tens digit of k(-9)?
7
Suppose 5*q = -3*g + 495, -3*q - g + 0*g + 301 = 0. What is the tens digit of q?
0
Suppose 4*b - 55 = -a + 509, -2*b - 1650 = -3*a. What is the units digit of a?
2
Let t = -21 + 23. Suppose p - 57 = -4*p + t*d, 4*p + 4*d = 68. What is the tens digit of p?
1
Let a be 6/21 - (-250)/7. Let t = 27 + -25. Suppose w = t*w - a. What is the units digit of w?
6
Let h = 90 + -184. Let w = h - -175. What is the units digit of w?
1
Suppose -q = -5*g + 17 + 3, -q = 5*g - 30. Suppose 159 = -g*w + 8*w. What is the units digit of w?
3
Let d(x) = -x**3 + 11*x**2 + 2*x - 9. Suppose 0 = -5*b + 2*z + 47, 2 = b - 5*z + 11. What is the units digit of d(b)?
3
What is the hundreds digit of (52/6)/((-32)/(-816))?
2
Let n be (-306)/(-4) - 9/(-6). Suppose -d = 4 - n. What is the units digit of d?
4
Let n be (42/10 - 1) + 46/(-230). Let x be 2/9 - 798/(-54). Suppose -3*u = n*w - x, w - 3*w - u = -10. What is the units digit of w?
5
What is the tens digit of 36690/10 + 5 + 4?
7
Suppose 0 = -3*b + 966 + 1023. What is the units digit of b?
3
Let k = -24 - -40. Let x = k + -10. What is the units digit of 124/x + 4/(-6)?
0
Suppose -5*g - 2*k + 2283 = -k, -3*k = 2*g - 921. Suppose 3*o - 3*x = g - 141, -o - 5*x = -87. What is the tens digit of o?
0
Let b(c) = 96*c + 202. What is the hundreds digit of b(22)?
3
Suppose -5*y + 16 = -3*k + 3, -5 = -y. What is the hundreds digit of 36/(-15) + k/10 + 185?
1
Let k = -1 + -101. Let d = 332 + k. What is the hundreds digit of d?
2
Let y = -139 - -763. What is the units digit of y?
4
Let z(c) = -c**2 + 7*c + 5. Let l(w) = -2*w**2 + 15*w + 10. Suppose 0 = -4*b + 2*b - 18. Let y(n) = b*z(n) + 4*l(n). What is the tens digit of y(6)?
1
Let j = -195 - -108. Let h = 231 + j. What is the tens digit of h?
4
Suppose 13 = -5*y - 27. Let o(j) = -12*j - 20. What is the tens digit of o(y)?
7
Suppose 13*o + 17*o = 29880. What is the tens digit of o?
9
What is the tens digit of (-60)/768*-8*776?
8
Let s(c) = -3*c - 10. Let y = -3 + 43. Suppose m = -t - 2 - 0, 5*m = t - y. What is the units digit of s(m)?
1
Let c = -36 + 40. Suppose -4*f - f + 12 = -c*r, -6 = 5*r - 4*f. Suppose z + 5*b = -r*z + 110, z - 34 = -b. What is the units digit of z?
0
Let y(q) = 280*q + 19. What is the units digit of y(3)?
9
Suppose u - 68 - 186 = 0. What is the units digit of u?
4
Let u = 2 - 6. Let b(t) = 3*t**2 - t + 5. What is the units digit of b(u)?
7
Let q be 8/(-4)*6*-2. Let a be 26*-3*(-4)/q. Suppose -h + 1 - a = -5*n, -3*h + n = -20. What is the units digit of h?
8
Let v = 17 + -17. Suppose v = 3*q - q - 8. Suppose -q*j = j - 60. What is the units digit of j?
2
Let b be 116 + 3*(1 - 2). Let w = -76 + b. What is the tens digit of w?
3
Let x = -272 - -383. Let w = x - -118. What is the hundreds digit of w?
2
Let p be ((-53)/(-212))/((-2)/(-24)). Let j(r) = -r**2 - 6*r + 7. Let v be j(-7). Suppose v = p*x + 5*o - 128, -3*o + 16 + 28 = x. What is the units digit of x?
1
What is the thousands digit of -5*(1 - 23120/50)?
2
Let c(l) = 12*l + 7 - 3 + 5 - 1. Let d be c(7). Suppose -4*m + 84 = -d. What is the units digit of m?
4
Suppose f = 4*l - 5, 5 + 5 = -3*l - 2*f. Suppose l = 4*n + 1 - 21. Suppose n*s - 14 = 4*s. What is the units digit of s?
4
Suppose -q + 2*h + 625 = -0*h, 2 = h. What is the tens digit of q?
2
Suppose -b - 50 = -3*b. Suppose -26*y + 5 = -b*y. What is the units digit of y?
5
Let g(y) = y**2 + 7*y + 11. Let n be g(-5). Let f be (n/(-2))/((-11)/66). Suppose 0 = -l + f + 46. What is the units digit of l?
9
What is the units digit of (2*163/4)/((-1)/(-8))?
2
Suppose v + 8 = -v. Let f(q) = -5*q. Let i be f(v). Let g = -19 + i. What is the units digit of g?
1
Let h = 14 - -17. Suppose -c = -4*x + 4*c + 93, 3*x + 4*c - h = 0. What is the units digit of x?
7
Suppose -192 = -6*w - 2*w. What is the tens digit of 1*6/w - (-335)/4?
8
Let o be 27/12*8/3. Suppose x - o*x - 45 = 0. What is the units digit of (-40)/(-3)*x/(-6)?
0
Let u = 1239 + -698. What is the hundreds digit of u?
5
What is the units digit of -3 - 1*207/(-3)?
6
Suppose -32*k + 33*k = 71. Let t be (-318)/9 + (-2)/3. Let v = t + k. What is the units digit of v?
5
Let d(k) = k + 5. Let y be d(-8). Let g(v) = 4*v**2 + 2*v + 5. What is the units digit of g(y)?
5
Let r(z) = -z**2 + z + 10. Let p be r(-5). What is the units digit of 2/8 - 435/p?
2
Let j = -101 + 910. What is the tens digit of j?
0
Suppose 2*z = z + 3. Suppose -m + 6*m - q = 204, z*q = 2*m - 92. What is the units digit of m?
0
Let w(d) = 29*d - 390. What is the tens digit of w(15)?
4
Let d(a) =